visor of 7991152 and 135548?
412
Calculate the greatest common divisor of 2012982 and 4407.
339
What is the greatest common divisor of 10 and 20793585?
5
What is the greatest common factor of 2940385 and 13930?
35
Calculate the greatest common factor of 86 and 52206128.
86
Calculate the highest common factor of 3086 and 15297302.
3086
Calculate the highest common divisor of 709065546 and 714.
714
Calculate the highest common divisor of 1045 and 2664370.
95
Calculate the highest common divisor of 21034050 and 1050.
150
What is the greatest common divisor of 20100630 and 2244?
1122
What is the greatest common factor of 9984 and 107673072?
624
Calculate the greatest common factor of 25709325 and 1200.
75
What is the greatest common divisor of 1572 and 659454?
786
What is the highest common factor of 4985277 and 48279?
627
Calculate the greatest common divisor of 780300444 and 672.
84
What is the greatest common factor of 225 and 991440?
45
Calculate the highest common divisor of 14385152 and 5248.
128
What is the greatest common factor of 52 and 7743020?
4
Calculate the highest common factor of 1 and 40391846.
1
What is the greatest common divisor of 458556 and 3508176?
4452
What is the highest common divisor of 2368 and 3610312?
296
What is the greatest common factor of 31976 and 118706?
14
Calculate the highest common divisor of 147909 and 46577.
47
Calculate the highest common factor of 40 and 17957864.
8
Calculate the highest common divisor of 180 and 218959470.
90
What is the highest common factor of 141860 and 1343980?
820
Calculate the highest common divisor of 5100085 and 40885.
85
Calculate the highest common divisor of 14 and 11279618.
14
What is the greatest common factor of 2806694 and 11978?
226
Calculate the greatest common factor of 279 and 2495934.
279
What is the highest common factor of 152375 and 360400?
1325
Calculate the greatest common factor of 2991767792 and 26.
26
What is the greatest common divisor of 137 and 174221119?
137
Calculate the greatest common divisor of 11874082 and 2365.
11
Calculate the greatest common divisor of 21 and 50322181.
7
What is the greatest common factor of 60 and 49821210?
30
Calculate the greatest common factor of 2005764 and 2124.
708
What is the highest common factor of 2272155 and 705?
15
Calculate the greatest common divisor of 45100803 and 1217.
1217
Calculate the highest common divisor of 1064 and 788396.
28
Calculate the highest common divisor of 83810 and 1562317.
493
Calculate the highest common factor of 1135534095 and 1093.
1093
Calculate the greatest common divisor of 289617 and 4110529.
5081
What is the highest common divisor of 1880 and 401000?
40
What is the highest common divisor of 4128 and 469555872?
4128
What is the greatest common factor of 6053450 and 11725?
1675
Calculate the highest common factor of 1529692551 and 8091.
8091
Calculate the highest common factor of 10119555 and 1590.
795
Calculate the greatest common divisor of 6230 and 1936515.
35
Calculate the greatest common divisor of 207141540 and 60.
60
What is the greatest common divisor of 2135 and 4399930?
305
Calculate the highest common divisor of 57600 and 452460.
60
What is the highest common divisor of 1020 and 732360?
1020
What is the highest common divisor of 70987927 and 311?
311
What is the highest common divisor of 3416133 and 113461?
1367
What is the greatest common divisor of 143021 and 1880?
47
Calculate the highest common factor of 336 and 37367568.
336
What is the greatest common factor of 858 and 36147969?
429
What is the highest common divisor of 13717 and 5993739169?
13717
What is the greatest common factor of 86941 and 136427?
227
What is the greatest common factor of 103 and 1522633447?
103
What is the greatest common divisor of 103592 and 2806?
46
Calculate the highest common factor of 2246349 and 22386.
861
What is the highest common factor of 26271994 and 126?
14
Calculate the greatest common divisor of 528 and 110385462.
66
What is the highest common divisor of 14514 and 8181058?
4838
Calculate the highest common divisor of 3760221 and 1236.
309
Calculate the highest common factor of 22 and 32631841.
11
Calculate the highest common factor of 4951644 and 72.
12
Calculate the greatest common factor of 1959703525 and 10.
5
Calculate the highest common factor of 23158 and 438.
2
Calculate the highest common divisor of 3673375691 and 17.
17
What is the highest common divisor of 10680185 and 4880?
305
Calculate the highest common divisor of 110383 and 566471.
1213
Calculate the greatest common factor of 170596704 and 2208.
2208
What is the highest common divisor of 47225 and 23330?
5
Calculate the greatest common divisor of 2071372 and 1608.
268
What is the highest common factor of 108996594 and 56?
14
Calculate the highest common factor of 17472120 and 1140.
60
What is the highest common divisor of 4555790 and 640?
10
What is the highest common divisor of 48466 and 4928?
22
Calculate the greatest common factor of 13196936 and 3288.
1096
Calculate the greatest common factor of 28987023 and 1547.
221
What is the highest common divisor of 4451489 and 25720?
643
What is the greatest common factor of 255 and 171404880?
255
Calculate the greatest common divisor of 7083567 and 36695.
179
Calculate the greatest common factor of 49995 and 8766901.
1111
What is the greatest common divisor of 20 and 408820?
20
What is the greatest common divisor of 1660 and 30551968?
332
What is the greatest common factor of 147638949 and 19?
19
Calculate the greatest common factor of 50439 and 46121.
17
What is the highest common divisor of 294 and 10177902?
42
Calculate the highest common divisor of 404 and 174585469.
101
What is the highest common factor of 101748244 and 12?
4
What is the greatest common divisor of 127580661 and 6738?
3369
Calculate the highest common factor of 6917 and 5571.
1
Calculate the highest common divisor of 7525 and 94575.
25
What is the greatest common factor of 23683 and 33979?
11
Calculate the greatest common factor of 2118 and 47618994.
2118
What is the greatest common divisor of 28878798 and 78?
78
Calculate the highest common divisor of 576478736 and 12608.
3152
Calculate the greatest common divisor of 8575 and 2156.
49
What is the greatest common factor of 1136 and 3774857?
71
What is the greatest common divisor of 3015775 and 3325?
3325
What is the highest common factor of 517127230 and 10?
10
Calculate the highest common divisor of 2340 and 25616070.
90
Calculate the greatest common divisor of 3608 and 37326564.
1804
What is the greatest common factor of 38092 and 54356?
428
Calculate the highest common factor of 15476370 and 2964.
78
What is the highest common factor of 415613667 and 21?
21
What is the greatest common divisor of 88 and 9860504?
8
Calculate the greatest common divisor of 686560 and 6174749.
4291
Calculate the greatest common divisor of 147733318 and 158.
158
Calculate the greatest common factor of 125829 and 2467011.
3813
What is the greatest common factor of 229134 and 213?
3
What is the highest common factor of 2387619050 and 762?
254
Calculate the greatest common divisor of 66 and 20793333.
33
What is the greatest common divisor of 8540 and 185277008?
1708
Calculate the highest common factor of 583414 and 17290.
494
What is the highest common factor of 1988042 and 21536?
1346
What is the greatest common divisor of 7936 and 255471744?
3968
Calculate the highest common divisor of 14796 and 104241519.
3699
What is the greatest common factor of 165012936 and 6228?
2076
Calculate the greatest common divisor of 8633 and 6043189.
89
What is the highest common factor of 198125 and 8750?
625
What is the highest common divisor of 264830 and 190067?
71
What is the greatest common divisor of 3088 and 423760?
16
Calculate the highest common divisor of 2408 and 291067.
301
What is the greatest common divisor of 1450520 and 940?
20
What is the greatest common factor of 182497 and 842363?
899
Calculate the greatest common factor of 16269760 and 256.
64
What is the greatest common divisor of 13873304 and 36648?
4072
What is the greatest common factor of 2936013 and 258?
3
What is the greatest common factor of 18479 and 61013?
17
What is the highest common divisor of 8092 and 69